{"id":735,"date":"2017-03-09T18:56:53","date_gmt":"2017-03-09T17:56:53","guid":{"rendered":"http:\/\/seebylaura.fr\/?page_id=735"},"modified":"2025-02-15T18:25:24","modified_gmt":"2025-02-15T17:25:24","slug":"mes-missions","status":"publish","type":"page","link":"https:\/\/seebylaura.fr\/index.php\/votre-projet\/mes-missions\/","title":{"rendered":"Mes missions"},"content":{"rendered":"<p><img loading=\"lazy\" decoding=\"async\" class=\"wp-image-1941 aligncenter\" src=\"http:\/\/seebylaura.fr\/wp-content\/uploads\/2025\/02\/Capture-decran-2025-02-14-154120.jpg\" alt=\"\" width=\"505\" height=\"74\" srcset=\"https:\/\/seebylaura.fr\/wp-content\/uploads\/2025\/02\/Capture-decran-2025-02-14-154120.jpg 727w, https:\/\/seebylaura.fr\/wp-content\/uploads\/2025\/02\/Capture-decran-2025-02-14-154120-300x44.jpg 300w, https:\/\/seebylaura.fr\/wp-content\/uploads\/2025\/02\/Capture-decran-2025-02-14-154120-600x87.jpg 600w\" sizes=\"(max-width: 505px) 100vw, 505px\" \/><img loading=\"lazy\" decoding=\"async\" class=\" wp-image-1942 aligncenter\" src=\"http:\/\/seebylaura.fr\/wp-content\/uploads\/2025\/02\/Capture-decran-2025-02-14-154257.jpg\" alt=\"\" width=\"581\" height=\"81\" srcset=\"https:\/\/seebylaura.fr\/wp-content\/uploads\/2025\/02\/Capture-decran-2025-02-14-154257.jpg 833w, https:\/\/seebylaura.fr\/wp-content\/uploads\/2025\/02\/Capture-decran-2025-02-14-154257-300x42.jpg 300w, https:\/\/seebylaura.fr\/wp-content\/uploads\/2025\/02\/Capture-decran-2025-02-14-154257-768x107.jpg 768w, https:\/\/seebylaura.fr\/wp-content\/uploads\/2025\/02\/Capture-decran-2025-02-14-154257-600x84.jpg 600w\" sizes=\"(max-width: 581px) 100vw, 581px\" \/><img loading=\"lazy\" decoding=\"async\" class=\" wp-image-1943 aligncenter\" src=\"http:\/\/seebylaura.fr\/wp-content\/uploads\/2025\/02\/Capture-decran-2025-02-14-154357.jpg\" alt=\"\" width=\"260\" height=\"59\" srcset=\"https:\/\/seebylaura.fr\/wp-content\/uploads\/2025\/02\/Capture-decran-2025-02-14-154357.jpg 403w, https:\/\/seebylaura.fr\/wp-content\/uploads\/2025\/02\/Capture-decran-2025-02-14-154357-300x68.jpg 300w\" sizes=\"(max-width: 260px) 100vw, 260px\" \/><\/p>\n<figure id=\"attachment_1833\" aria-describedby=\"caption-attachment-1833\" style=\"width: 736px\" class=\"wp-caption alignnone\"><img loading=\"lazy\" decoding=\"async\" class=\"wp-image-1833 size-full\" src=\"http:\/\/seebylaura.fr\/wp-content\/uploads\/2025\/02\/Pantone.jpg\" alt=\"\" width=\"736\" height=\"736\" srcset=\"https:\/\/seebylaura.fr\/wp-content\/uploads\/2025\/02\/Pantone.jpg 736w, https:\/\/seebylaura.fr\/wp-content\/uploads\/2025\/02\/Pantone-300x300.jpg 300w, https:\/\/seebylaura.fr\/wp-content\/uploads\/2025\/02\/Pantone-150x150.jpg 150w, https:\/\/seebylaura.fr\/wp-content\/uploads\/2025\/02\/Pantone-600x600.jpg 600w, https:\/\/seebylaura.fr\/wp-content\/uploads\/2025\/02\/Pantone-100x100.jpg 100w\" sizes=\"(max-width: 736px) 100vw, 736px\" \/><figcaption id=\"caption-attachment-1833\" class=\"wp-caption-text\">\u00a9 Vendula Volkmerov\u00e0<\/figcaption><\/figure>\n<p><img loading=\"lazy\" decoding=\"async\" class=\"wp-image-1987 aligncenter\" src=\"http:\/\/seebylaura.fr\/wp-content\/uploads\/2025\/02\/Capture-decran-2025-02-14-164758.jpg\" alt=\"\" width=\"207\" height=\"66\" srcset=\"https:\/\/seebylaura.fr\/wp-content\/uploads\/2025\/02\/Capture-decran-2025-02-14-164758.jpg 568w, https:\/\/seebylaura.fr\/wp-content\/uploads\/2025\/02\/Capture-decran-2025-02-14-164758-300x96.jpg 300w\" sizes=\"(max-width: 207px) 100vw, 207px\" \/><\/p>\n<p>Je coordonne le d\u00e9cor en fonction de ce qui existe d\u00e9j\u00e0 et de ce que vous souhaitez conserver ou changer : mobilier, rev\u00eatement des sols ou des murs, choix des couleurs etc&#8230; J&rsquo;harmonise les styles.<\/p>\n<p>Je m&rsquo;occupe \u00e9galement des d\u00e9tails du d\u00e9cor gr\u00e2ce aux accessoires de d\u00e9coration (luminaires, tapis, fauteuils, vases et autres objets), jusqu&rsquo;\u00e0 l&rsquo;art de la table.<\/p>\n<p>J&rsquo;apporte la touche finale \u00e0 un projet et j&rsquo;assure une mission de conseil pour vous permettre de mettre des mots et des id\u00e9es sur vos envies. Je suis l\u00e0 pour vous conforter dans vos choix.<\/p>\n<p><img loading=\"lazy\" decoding=\"async\" class=\"wp-image-1986 aligncenter\" src=\"http:\/\/seebylaura.fr\/wp-content\/uploads\/2025\/02\/Capture-decran-2025-02-14-164611.jpg\" alt=\"\" width=\"467\" height=\"83\" srcset=\"https:\/\/seebylaura.fr\/wp-content\/uploads\/2025\/02\/Capture-decran-2025-02-14-164611.jpg 818w, https:\/\/seebylaura.fr\/wp-content\/uploads\/2025\/02\/Capture-decran-2025-02-14-164611-300x53.jpg 300w, https:\/\/seebylaura.fr\/wp-content\/uploads\/2025\/02\/Capture-decran-2025-02-14-164611-768x136.jpg 768w, https:\/\/seebylaura.fr\/wp-content\/uploads\/2025\/02\/Capture-decran-2025-02-14-164611-600x106.jpg 600w\" sizes=\"(max-width: 467px) 100vw, 467px\" \/><\/p>\n<p>Quand :<\/p>\n<p>&#8211; Vous avez besoin de conseils dans le cadre d&rsquo;un projet (construction ou r\u00e9novation), dans le but de confirmer un choix ou de prendre une direction.<br \/>\n&#8211; Vous n&rsquo;avez pas d&rsquo;inspiration pour l&rsquo;am\u00e9nagement d&rsquo;une pi\u00e8ce.<\/p>\n<p style=\"margin: 0cm; margin-bottom: .0001pt;\">&#8211; Vous souhaitez rafra\u00eechir une pi\u00e8ce.<\/p>\n<p style=\"margin: 0cm; margin-bottom: .0001pt;\">&#8211; Vous souhaitez changer le mobilier ou le style de d\u00e9coration.<br \/>\n&#8211; Vous souhaitez d\u00e9corer la chambre de votre futur b\u00e9b\u00e9.<br \/>\n&#8211; Vous souhaitez donner du cachet \u00e0 votre int\u00e9rieur (par le Home Staging avant une vente immobili\u00e8re par exemple).<\/p>\n<p style=\"margin: 0cm; margin-bottom: .0001pt;\">&#8211; Vous souhaitez me confier une mission shopping d\u00e9co afin de trouver un objet en particulier ou pour ajouter de la nouveaut\u00e9 \u00e0 votre int\u00e9rieur.<\/p>\n<p>&nbsp;<\/p>\n<p><img loading=\"lazy\" decoding=\"async\" class=\"wp-image-1985 aligncenter\" src=\"http:\/\/seebylaura.fr\/wp-content\/uploads\/2025\/02\/Capture-decran-2025-02-14-164426.jpg\" alt=\"\" width=\"190\" height=\"85\" srcset=\"https:\/\/seebylaura.fr\/wp-content\/uploads\/2025\/02\/Capture-decran-2025-02-14-164426.jpg 518w, https:\/\/seebylaura.fr\/wp-content\/uploads\/2025\/02\/Capture-decran-2025-02-14-164426-300x134.jpg 300w\" sizes=\"(max-width: 190px) 100vw, 190px\" \/><\/p>\n<p>Je vous propose d&rsquo;\u00e9changer lors d&rsquo;un entretien \u00e0 votre domicile ou par t\u00e9l\u00e9phone. Je saurai vous rassurer, comprendre vos besoins, faire des propositions en fonction de vos envies, tout en tenant compte de votre budget si vous en avez un.<\/p>\n<p>Je saurai vous orienter sur les meilleurs choix en m&rsquo;adaptant \u00e0 votre style et \u00e0 vos go\u00fbts, sans vous imposer les miens.<\/p>\n<p>\u00c0 l&rsquo;aff\u00fbt des derni\u00e8res tendances d\u00e9co, je saurai vous exposer quelles sont les nouveaut\u00e9s coup de c\u0153ur. Je pourrai \u00e9galement vous pr\u00e9senter les diff\u00e9rents styles qui existent, si vous ne souhaitez pas partir sur un int\u00e9rieur intemporel.<\/p>\n<figure id=\"attachment_1993\" aria-describedby=\"caption-attachment-1993\" style=\"width: 1024px\" class=\"wp-caption aligncenter\"><img loading=\"lazy\" decoding=\"async\" class=\"wp-image-1993 size-full\" src=\"http:\/\/seebylaura.fr\/wp-content\/uploads\/2025\/02\/Assisettes.jpg\" alt=\"\" width=\"1024\" height=\"767\" srcset=\"https:\/\/seebylaura.fr\/wp-content\/uploads\/2025\/02\/Assisettes.jpg 1024w, https:\/\/seebylaura.fr\/wp-content\/uploads\/2025\/02\/Assisettes-300x225.jpg 300w, https:\/\/seebylaura.fr\/wp-content\/uploads\/2025\/02\/Assisettes-768x575.jpg 768w, https:\/\/seebylaura.fr\/wp-content\/uploads\/2025\/02\/Assisettes-600x449.jpg 600w\" sizes=\"(max-width: 767px) 89vw, (max-width: 1000px) 54vw, (max-width: 1071px) 543px, 580px\" \/><figcaption id=\"caption-attachment-1993\" class=\"wp-caption-text\">\u00a9 Pomax<\/figcaption><\/figure>\n","protected":false},"excerpt":{"rendered":"<p>Je coordonne le d\u00e9cor en fonction de ce qui existe d\u00e9j\u00e0 et de ce que vous souhaitez conserver ou changer : mobilier, rev\u00eatement des sols ou des murs, choix des couleurs etc&#8230; J&rsquo;harmonise les styles. Je m&rsquo;occupe \u00e9galement des d\u00e9tails du d\u00e9cor gr\u00e2ce aux accessoires de d\u00e9coration (luminaires, tapis, fauteuils, vases et autres objets), jusqu&rsquo;\u00e0 &hellip; <\/p>\n<p class=\"link-more\"><a href=\"https:\/\/seebylaura.fr\/index.php\/votre-projet\/mes-missions\/\" class=\"more-link\">Continuer la lecture<span class=\"screen-reader-text\"> de &laquo;&nbsp;Mes missions&nbsp;&raquo;<\/span><\/a><\/p>\n","protected":false},"author":3,"featured_media":0,"parent":851,"menu_order":1,"comment_status":"closed","ping_status":"closed","template":"","meta":{"footnotes":""},"_links":{"self":[{"href":"https:\/\/seebylaura.fr\/index.php\/wp-json\/wp\/v2\/pages\/735"}],"collection":[{"href":"https:\/\/seebylaura.fr\/index.php\/wp-json\/wp\/v2\/pages"}],"about":[{"href":"https:\/\/seebylaura.fr\/index.php\/wp-json\/wp\/v2\/types\/page"}],"author":[{"embeddable":true,"href":"https:\/\/seebylaura.fr\/index.php\/wp-json\/wp\/v2\/users\/3"}],"replies":[{"embeddable":true,"href":"https:\/\/seebylaura.fr\/index.php\/wp-json\/wp\/v2\/comments?post=735"}],"version-history":[{"count":54,"href":"https:\/\/seebylaura.fr\/index.php\/wp-json\/wp\/v2\/pages\/735\/revisions"}],"predecessor-version":[{"id":2079,"href":"https:\/\/seebylaura.fr\/index.php\/wp-json\/wp\/v2\/pages\/735\/revisions\/2079"}],"up":[{"embeddable":true,"href":"https:\/\/seebylaura.fr\/index.php\/wp-json\/wp\/v2\/pages\/851"}],"wp:attachment":[{"href":"https:\/\/seebylaura.fr\/index.php\/wp-json\/wp\/v2\/media?parent=735"}],"curies":[{"name":"wp","href":"https:\/\/api.w.org\/{rel}","templated":true}]}}